**3 - 125*f**2 + 530*f - 479. Determine q(58).
-15
Let p(a) = 6*a**3 + 785*a**2 - 113*a + 2304. Determine p(-131).
-54
Let d(i) = i**3 + 20*i**2 - 4*i - 97. Determine d(-18).
623
Let j(z) = -15*z**3 + 7228*z**2 + 616*z + 167739. Give j(482).
3
Let i(x) = 19*x**2 - 756*x + 2602. Give i(36).
10
Let z(g) = 52*g**2 - 1159*g + 3474. Give z(3).
465
Let f(o) = 194*o**2 + 708*o - 14458. Determine f(7).
4
Let z(v) = -16*v**2 - 212*v - 128. What is z(-12)?
112
Let g(u) = -1131*u + 27323. What is g(24)?
179
Let j(x) = 48803*x - 292808. Calculate j(6).
10
Let p(g) = g**2 - 57006*g - 3481074. Calculate p(-61).
13
Let v(b) = 23*b**2 + 1440*b + 2339. What is v(-61)?
82
Let p(b) = 2*b**3 + 899*b**2 - 6857*b - 895. Determine p(-457).
19
Let w(z) = -3*z**2 - 6070*z + 79423. What is w(13)?
6
Let s(r) = 10375*r - 871487. What is s(84)?
13
Let u(c) = -2*c**3 - c**2 - 272*c - 2024. Determine u(-9).
1801
Let b(f) = f**3 + 105*f**2 + 61*f - 4622. Determine b(-104).
-150
Let b(u) = -u**2 + 699*u + 108661. Calculate b(-131).
-69
Let a(g) = 810*g + 37266. Give a(-46).
6
Let s(m) = -14*m**3 + 791*m**2 - 5708*m - 197. Determine s(48).
-5
Let w(m) = m**3 - 19*m**2 - 8841*m + 176313. Determine w(20).
-107
Let d(p) = -p**2 - 1322*p - 78123. Give d(-62).
-3
Let c(k) = k**2 - 5605*k - 95774. Give c(-17).
-200
Let d(t) = -1224*t - 2213. Determine d(-5).
3907
Let n(a) = -10840*a + 108407. Give n(10).
7
Let n(r) = 82*r**2 + 735*r + 29. Determine n(-5).
-1596
Let y(q) = -474*q + 125632. Calculate y(265).
22
Let s(n) = n**3 + 132*n**2 + 10*n + 1441. What is s(-132)?
121
Let u(h) = -8418*h + 159791. Determine u(19).
-151
Let l(a) = -15*a**2 - 21736*a + 65201. Calculate l(3).
-142
Let z(i) = -42*i - 625. Give z(-22).
299
Let v(n) = -8480*n + 203647. Determine v(24).
127
Let q(s) = 6*s**2 + 4326*s + 269934. Give q(-69).
6
Let p(x) = 11*x**2 - 9434*x - 124496. Determine p(-13).
5
Let g(i) = -3*i**2 + 2364*i - 328293. Calculate g(608).
27
Let y(k) = -988*k**3 - 3*k**2 + 37*k + 39. Determine y(-1).
987
Let c(r) = 268*r**2 - 1443*r - 2882. What is c(-2)?
1076
Let y(c) = 3704*c**2 - 2481*c + 2480. Determine y(1).
3703
Let d(t) = -144*t - 13802. Calculate d(-95).
-122
Let h(c) = c**3 + 743*c**2 - 42188*c - 8. Give h(53).
-8
Let v(s) = -167*s - 12188. What is v(-70)?
-498
Let v(x) = -60*x**2 - 10574*x - 2406. Calculate v(-176).
58
Let f(g) = 25*g**2 + 1961*g - 1116. Determine f(-79).
-10
Let a(k) = k**3 - 39*k**2 + 48*k + 4. Determine a(37).
-958
Let d(s) = 5252*s + 8544992. Determine d(-1627).
-12
Let v(b) = -2*b**2 - 278*b - 4783. Calculate v(-119).
-23
Let v(a) = -6*a**2 - 500*a - 3331. Determine v(-7).
-125
Let x(p) = -p**2 - 732*p + 36604. Give x(47).
-9
Let n(o) = -12608*o + 37799. Give n(3).
-25
Let f(d) = -3943*d - 98668. Give f(-26).
3850
Let u(t) = -2*t**2 + 164219*t - 1970334. What is u(12)?
6
Let v(j) = -j**2 - 200*j - 9699. What is v(-86)?
105
Let d(t) = 2889*t - 2477. Give d(1).
412
Let b(h) = 673*h - 7063. What is b(10)?
-333
Let x(a) = 3*a**3 + 27*a**2 + 266*a + 750. What is x(-4)?
-74
Let m(d) = 100*d**3 + 871*d**2 - 872*d - 2. Calculate m(1).
97
Let g(w) = w**2 - 13053*w - 235271. Determine g(-18).
7
Let g(n) = -3*n**2 - 3807*n - 26509. Determine g(-7).
-7
Let t(w) = w**3 + 12*w**2 + 847*w + 10193. Calculate t(-12).
29
Let m(i) = 2*i**3 + 90*i**2 - 157*i - 21. Give m(-47).
-1478
Let d(u) = -u**2 + 1319*u + 9237. Give d(-7).
-45
Let v(w) = -49*w**2 + 32*w + 666. Determine v(4).
10
Let m(p) = -2*p**3 - 11*p**2 + 29*p + 105. Determine m(-6).
-33
Let b(w) = -w**3 - 18*w**2 - 203*w - 4236. Determine b(-19).
-18
Let t(z) = 2163*z - 38860. Determine t(18).
74
Let z(a) = -7376*a - 730251. Determine z(-99).
-27
Let t(x) = 3*x**3 - 134*x**2 - 315*x - 148. What is t(47)?
510
Let g(a) = 13*a**2 - 1802*a + 12581. Calculate g(7).
604
Let t(x) = 2*x**3 + 747*x**2 + 1089*x - 10052. What is t(-372)?
-8
Let b(v) = -6*v**2 - 68*v - 25. Determine b(-12).
-73
Let l(z) = -1365*z - 86. Calculate l(0).
-86
Let k(b) = b**2 - 226*b + 7286. Give k(43).
-583
Let c(p) = -58932*p + 235951. Determine c(4).
223
Let p(u) = -164544*u + 24681601. Give p(150).
1
Let p(w) = 192354*w + 577131. Determine p(-3).
69
Let z(d) = 271595*d - 1086371. Calculate z(4).
9
Let n(d) = 2306*d - 1383489. Give n(600).
111
Let n(h) = -1534*h**3 - 98183*h**2 - 445*h + 181. Calculate n(-64).
-11
Let k(q) = q**3 + 178*q**2 + 3123*q - 741. What is k(-20)?
-1
Let l(n) = -5*n**3 - 1027*n**2 + 623*n + 1039. Calculate l(-206).
9
Let x(m) = -22142*m - 3764113. Determine x(-170).
27
Let r(p) = 227*p**2 - 933*p + 934. Determine r(1).
228
Let w(y) = -938*y + 248587. What is w(265)?
17
Let g(y) = y**3 - 120*y**2 - 234*y + 95. Give g(122).
1315
Let u(x) = -107*x**2 + 1178*x + 140. Give u(9).
2075
Let f(w) = -1026*w + 4932. Give f(6).
-1224
Let g(w) = 2*w**3 - 97*w**2 - 173*w + 314. Determine g(50).
-836
Let z(r) = -11339*r + 294087. Determine z(26).
-727
Let l(b) = -6*b**2 - 7254*b + 43483. Give l(6).
-257
Let i(r) = 3*r**2 - 386*r + 267. Determine i(128).
11
Let m(d) = -1955*d + 881700. Calculate m(451).
-5
Let p(u) = u**2 - 205*u + 6982. Calculate p(136).
-2402
Let k(p) = 2039*p + 122284. Give k(-60).
-56
Let u(k) = k**2 + 2970*k - 114251. Give u(38).
53
Let g(o) = -36*o**2 - 2796*o + 25185. What is g(9)?
-2895
Let w(f) = 301*f - 373. Calculate w(1).
-72
Let t(b) = 475*b - 13773. Determine t(29).
2
Let q(x) = x**2 + 70*x + 51. What is q(-68)?
-85
Let s(o) = 2974553*o - 17847347. What is s(6)?
-29
Let h(o) = -o**2 + 4165*o + 121628. Calculate h(-29).
2
Let c(g) = -g**3 - 46*g**2 - 281*g + 1268. What is c(-19)?
-3140
Let g(p) = -3*p**3 - p**2 - 65*p - 288. Give g(-6).
714
Let k(h) = h**3 + 16*h**2 - 39*h + 281. Give k(-15).
1091
Let c(m) = -40*m**3 - 5039*m**2 + 131*m + 849. What is c(-126)?
219
Let w(l) = -4*l**2 + 2131*l - 253159. Calculate w(354).
-49
Let m(u) = u**2 + 94*u - 16026. Give m(93).
1365
Let i(r) = 5977*r + 17700. Determine i(-3).
-231
Let n(p) = -470*p**2 - 30084*p - 206. What is n(-64)?
50
Let d(v) = 23*v**2 + 5778*v - 29. Calculate d(0).
-29
Let d(h) = -1456*h**2 + 13063*h + 372. Determine d(9).
3
Let i(r) = 6*r**2 + 775*r - 8418. Determine i(-140).
682
Let d(r) = 3*r**2 + 150*r + 423. What is d(-47)?
0
Let v(a) = -33*a + 3724. Calculate v(79).
1117
Let x(c) = -767*c**2 + 8617*c + 15. Determine x(11).
1995
Let y(o) = -175*o**2 - 789*o - 142. Determine y(-4).
214
Let s(b) = b**3 + 125*b**2 + 1904*b + 255776. What is s(-126)?
-4
Let w(b) = -10*b**3 + 25*b**2 - 30*b + 1196. Calculate w(0).
1196
Let a(f) = 141*f + 16638. Give a(-113).
705
Let p(d) = 18*d**2 + 3121*d - 6240. Calculate p(2).
74
Let x(w) = -w**2 + 569*w - 72574. What is x(193)?
-6
Let u(g) = -g**2 + 224*g + 118511. What is u(-250)?
11
Let v(p) = -99*p**2 - 5023*p - 3661. Determine v(-50).
-11
Let i(q) = -569*q**2 + 159*q + 2. Determine i(2).
-1956
Let m(p) = -2274*p - 720831. Determine m(-317).
27
Let z(n) = n**2 - 12406*n + 148762. Determine z(12).
34
Let i(v) = -4502247*v + 18008984. Give i(4).
-4
Let q(j) = -j**3 + 25*j**2 + 1199*j - 25977. Calculate q(20).
3
Let t(y) = 2*y**3 + 22771*y**2 + 204780*y + 15. Calculate t(-9).
-12
Let q(r) = -202*r - 57238. Give q(-283).
-72
Let i(a) = 2*a**2 + 1489*a + 20454. What is i(-14)?
0
Let t(d) = d**3 + 257*d**2 - 531*d - 70423. What is t(-258)?
11
Let u(g) = 146*g**3 - 155*g**2 + 11*g - 1. What is u(1)?
1
Let k(p) = -13*p - 454. Give k(75).
-1429
Let j(m) = -m**2 + 1142*m - 19137. Calculate j(17).
-12
Let d(i) = 504*i - 7249. Give d(16).
815
Let r(z) = -2*z**3 + 33*z**2 - 47*z + 236. What is r(15)?
206
Let r(q) = 973*q**2 - 1023*q + 47. Give r(1).
-3
Let q(h) = -239*h**2 + 85*h + 75. What is q(2)?
-711
Let h(c) = 974*c - 15706. Calculate h(16).
-122
Let a(g) = g**2 + 86526*g - 519202. Determine a(6).
-10
Let s(p) = p**2 + 396*p + 8671. Determine s(-24).
-257
Let l(o) = 177*o + 7610. What is l(-43)?
-1
Let z(l) = -24*l**3 + 344*l**2 - 63*l - 594. Calculate z(14).
92
Let u(g) = -4*g**2 + 2635*g - 39221. Calculate u(15).
-596
Let r(d) = 3*d**2 + 49*d - 284. Give r(11).
618
Let p(a) = -733*a + 202325. Determine p(276).
17
Let d(p) = -3217*p - 168115. Determine d(-52).
-831
Let c(f) = -f**3 + f**2 + 60*f - 48. Determine c(10).
-348
Let b(x) = -8*x**2 + 810*x - 15. What is b(-4)?
-3383
Let k(x) = -2*x**2 - 20*x + 1335. Wha